CRAN Package Check Results for Package npbr

Last updated on 2025-06-07 05:49:32 CEST.

Flavor Version Tinstall Tcheck Ttotal Status Flags
r-devel-linux-x86_64-debian-clang 1.8 9.75 123.48 133.23 NOTE
r-devel-linux-x86_64-debian-gcc 1.8 6.99 91.63 98.62 NOTE
r-devel-linux-x86_64-fedora-clang 1.8 203.94 OK
r-devel-linux-x86_64-fedora-gcc 1.8 218.13 OK
r-devel-windows-x86_64 1.8 14.00 164.00 178.00 OK
r-patched-linux-x86_64 1.8 10.96 118.75 129.71 OK
r-release-linux-x86_64 1.8 9.05 118.87 127.92 OK
r-release-macos-arm64 1.8 69.00 OK
r-release-macos-x86_64 1.8 147.00 OK
r-release-windows-x86_64 1.8 15.00 167.00 182.00 OK
r-oldrel-macos-arm64 1.8 78.00 OK
r-oldrel-macos-x86_64 1.8 119.00 OK
r-oldrel-windows-x86_64 1.8 19.00 186.00 205.00 OK

Check Details

Version: 1.8
Check: CRAN incoming feasibility
Result: NOTE Maintainer: ‘Thibault Laurent <[email protected]>’ No Authors@R field in DESCRIPTION. Please add one, modifying Authors@R: c(person(given = "Abdelaati", family = "Daouia", role = "aut", email = "[email protected]"), person(given = "Thibault", family = "Laurent", role = c("aut", "cre"), email = "[email protected]"), person(given = "Hohsuk", family = "Noh", role = "aut", email = "[email protected]")) as necessary. Flavors: r-devel-linux-x86_64-debian-clang, r-devel-linux-x86_64-debian-gcc