Last updated on 2025-06-08 17:57:01 CEST.
Flavor | Version | Tinstall | Tcheck | Ttotal | Status | Flags |
---|---|---|---|---|---|---|
r-devel-linux-x86_64-debian-clang | 1.0-11.1 | 4.72 | 21.98 | 26.70 | NOTE | |
r-devel-linux-x86_64-debian-gcc | 1.0-11.1 | 2.93 | 17.94 | 20.87 | NOTE | |
r-devel-linux-x86_64-fedora-clang | 1.0-11.1 | 40.91 | OK | |||
r-devel-linux-x86_64-fedora-gcc | 1.0-11.1 | 38.76 | OK | |||
r-devel-windows-x86_64 | 1.0-11.1 | 7.00 | 50.00 | 57.00 | OK | |
r-patched-linux-x86_64 | 1.0-11.1 | 4.03 | 20.78 | 24.81 | OK | |
r-release-linux-x86_64 | 1.0-11.1 | 3.54 | 20.54 | 24.08 | OK | |
r-release-macos-arm64 | 1.0-11.1 | 20.00 | OK | |||
r-release-macos-x86_64 | 1.0-11.1 | 43.00 | OK | |||
r-release-windows-x86_64 | 1.0-11.1 | 7.00 | 54.00 | 61.00 | OK | |
r-oldrel-macos-arm64 | 1.0-11.1 | 21.00 | OK | |||
r-oldrel-macos-x86_64 | 1.0-11.1 | 25.00 | OK | |||
r-oldrel-windows-x86_64 | 1.0-11.1 | 7.00 | 46.00 | 53.00 | OK |
Version: 1.0-11.1
Check: CRAN incoming feasibility
Result: NOTE
Maintainer: ‘John Fox <[email protected]>’
No Authors@R field in DESCRIPTION.
Please add one, modifying
Authors@R: c(person(given = c("Ported", "to", "R", "by", "Alvaro", "A.", "Novo.", "Original", "by", "Joseph", "L.", "Schafer"),
family = "<[email protected]>.",
role = "aut",
email = "[email protected]"),
person(given = "John",
family = "Fox",
role = "cre",
email = "[email protected]"))
as necessary.
Flavors: r-devel-linux-x86_64-debian-clang, r-devel-linux-x86_64-debian-gcc