CRAN Package Check Results for Package modgetxl

Last updated on 2025-06-03 03:50:13 CEST.

Flavor Version Tinstall Tcheck Ttotal Status Flags
r-devel-linux-x86_64-debian-clang 0.4 6.31 30.15 36.46 NOTE
r-devel-linux-x86_64-debian-gcc 0.4 4.14 24.18 28.32 NOTE
r-devel-linux-x86_64-fedora-clang 0.4 56.84 OK
r-devel-linux-x86_64-fedora-gcc 0.4 53.95 OK
r-devel-windows-x86_64 0.4 7.00 49.00 56.00 OK
r-patched-linux-x86_64 0.4 6.11 28.93 35.04 OK
r-release-linux-x86_64 0.4 5.59 28.70 34.29 OK
r-release-macos-arm64 0.4 19.00 OK
r-release-macos-x86_64 0.4 43.00 OK
r-release-windows-x86_64 0.4 8.00 49.00 57.00 OK
r-oldrel-macos-arm64 0.4 19.00 OK
r-oldrel-macos-x86_64 0.4 35.00 OK
r-oldrel-windows-x86_64 0.4 10.00 59.00 69.00 OK

Check Details

Version: 0.4
Check: CRAN incoming feasibility
Result: NOTE Maintainer: ‘Yadu Balehosur <[email protected]>’ No Authors@R field in DESCRIPTION. Please add one, modifying Authors@R: person(given = "Yadu", family = "Balehosur", role = c("aut", "cre"), email = "[email protected]") as necessary. Flavors: r-devel-linux-x86_64-debian-clang, r-devel-linux-x86_64-debian-gcc