CRAN Package Check Results for Package miceadds

Last updated on 2025-06-07 05:49:31 CEST.

Flavor Version Tinstall Tcheck Ttotal Status Flags
r-devel-linux-x86_64-debian-clang 3.17-44 117.48 177.28 294.76 NOTE
r-devel-linux-x86_64-debian-gcc 3.17-44 75.37 118.00 193.37 NOTE
r-devel-linux-x86_64-fedora-clang 3.17-44 292.12 OK
r-devel-linux-x86_64-fedora-gcc 3.17-44 267.26 OK
r-devel-windows-x86_64 3.17-44 120.00 218.00 338.00 OK
r-patched-linux-x86_64 3.17-44 107.89 162.22 270.11 OK
r-release-linux-x86_64 3.17-44 104.85 161.83 266.68 OK
r-release-macos-arm64 3.17-44 108.00 OK
r-release-macos-x86_64 3.17-44 173.00 OK
r-release-windows-x86_64 3.17-44 118.00 221.00 339.00 OK
r-oldrel-macos-arm64 3.17-44 113.00 NOTE
r-oldrel-macos-x86_64 3.17-44 152.00 NOTE
r-oldrel-windows-x86_64 3.17-44 152.00 278.00 430.00 OK

Check Details

Version: 3.17-44
Check: CRAN incoming feasibility
Result: NOTE Maintainer: ‘Alexander Robitzsch <[email protected]>’ No Authors@R field in DESCRIPTION. Please add one, modifying Authors@R: c(person(given = "Alexander", family = "Robitzsch", role = c("aut", "cre"), email = "[email protected]", comment = c(ORCID = "0000-0002-8226-3132")), person(given = "Simon", family = "Grund", role = "aut", comment = c(ORCID = "0000-0002-1290-8986")), person(given = "Thorsten", family = "Henke", role = "ctb")) as necessary. Flavors: r-devel-linux-x86_64-debian-clang, r-devel-linux-x86_64-debian-gcc

Version: 3.17-44
Check: installed package size
Result: NOTE installed size is 7.3Mb sub-directories of 1Mb or more: libs 5.6Mb Flavors: r-oldrel-macos-arm64, r-oldrel-macos-x86_64