Last updated on 2025-06-02 15:50:37 CEST.
Flavor | Version | Tinstall | Tcheck | Ttotal | Status | Flags |
---|---|---|---|---|---|---|
r-devel-linux-x86_64-debian-clang | 0.3 | 7.31 | 63.04 | 70.35 | NOTE | |
r-devel-linux-x86_64-debian-gcc | 0.3 | 5.40 | 47.06 | 52.46 | NOTE | |
r-devel-linux-x86_64-fedora-clang | 0.3 | 109.96 | OK | |||
r-devel-linux-x86_64-fedora-gcc | 0.3 | 117.13 | OK | |||
r-devel-windows-x86_64 | 0.3 | 9.00 | 96.00 | 105.00 | OK | |
r-patched-linux-x86_64 | 0.3 | 7.14 | 59.23 | 66.37 | OK | |
r-release-linux-x86_64 | 0.3 | 6.66 | 59.13 | 65.79 | OK | |
r-release-macos-arm64 | 0.3 | 69.00 | OK | |||
r-release-macos-x86_64 | 0.3 | 95.00 | OK | |||
r-release-windows-x86_64 | 0.3 | 9.00 | 97.00 | 106.00 | OK | |
r-oldrel-macos-arm64 | 0.3 | 52.00 | OK | |||
r-oldrel-macos-x86_64 | 0.3 | 75.00 | OK | |||
r-oldrel-windows-x86_64 | 0.3 | 12.00 | 119.00 | 131.00 | OK |
Version: 0.3
Check: CRAN incoming feasibility
Result: NOTE
Maintainer: ‘Sneha Tody <[email protected]>’
No Authors@R field in DESCRIPTION.
Please add one, modifying
Authors@R: person(given = "Sneha",
family = "Tody",
role = c("aut", "cre"),
email = "[email protected]")
as necessary.
Flavors: r-devel-linux-x86_64-debian-clang, r-devel-linux-x86_64-debian-gcc