CRAN Package Check Results for Package lmviz

Last updated on 2025-06-02 15:50:37 CEST.

Flavor Version Tinstall Tcheck Ttotal Status Flags
r-devel-linux-x86_64-debian-clang 0.2.0 8.58 72.01 80.59 NOTE
r-devel-linux-x86_64-debian-gcc 0.2.0 6.30 55.24 61.54 NOTE
r-devel-linux-x86_64-fedora-clang 0.2.0 124.91 NOTE
r-devel-linux-x86_64-fedora-gcc 0.2.0 118.17 NOTE
r-devel-windows-x86_64 0.2.0 11.00 84.00 95.00 OK
r-patched-linux-x86_64 0.2.0 9.47 68.93 78.40 OK
r-release-linux-x86_64 0.2.0 6.84 68.62 75.46 OK
r-release-macos-arm64 0.2.0 38.00 OK
r-release-macos-x86_64 0.2.0 65.00 OK
r-release-windows-x86_64 0.2.0 11.00 85.00 96.00 OK
r-oldrel-macos-arm64 0.2.0 35.00 NOTE
r-oldrel-macos-x86_64 0.2.0 52.00 NOTE
r-oldrel-windows-x86_64 0.2.0 14.00 104.00 118.00 NOTE

Check Details

Version: 0.2.0
Check: CRAN incoming feasibility
Result: NOTE Maintainer: ‘Francesco Pauli <[email protected]>’ No Authors@R field in DESCRIPTION. Please add one, modifying Authors@R: person(given = "Francesco", family = "Pauli", role = c("aut", "cre"), email = "[email protected]", comment = "see file LICENSEMEDIA for credits on sounds and images") as necessary. Flavors: r-devel-linux-x86_64-debian-clang, r-devel-linux-x86_64-debian-gcc

Version: 0.2.0
Check: dependencies in R code
Result: NOTE Namespace in Imports field not imported from: ‘shinyjs’ All declared Imports should be used. Flavors: r-devel-linux-x86_64-fedora-clang, r-devel-linux-x86_64-fedora-gcc

Version: 0.2.0
Check: LazyData
Result: NOTE 'LazyData' is specified without a 'data' directory Flavors: r-oldrel-macos-arm64, r-oldrel-macos-x86_64, r-oldrel-windows-x86_64