Last updated on 2025-06-02 15:50:36 CEST.
Flavor | Version | Tinstall | Tcheck | Ttotal | Status | Flags |
---|---|---|---|---|---|---|
r-devel-linux-x86_64-debian-clang | 0.2 | 13.04 | 90.73 | 103.77 | NOTE | |
r-devel-linux-x86_64-debian-gcc | 0.2 | 9.30 | 65.63 | 74.93 | NOTE | |
r-devel-linux-x86_64-fedora-clang | 0.2 | 158.85 | OK | |||
r-devel-linux-x86_64-fedora-gcc | 0.2 | 140.92 | OK | |||
r-devel-windows-x86_64 | 0.2 | 13.00 | 95.00 | 108.00 | OK | |
r-patched-linux-x86_64 | 0.2 | 11.60 | 86.10 | 97.70 | OK | |
r-release-linux-x86_64 | 0.2 | 11.09 | 86.95 | 98.04 | OK | |
r-release-macos-arm64 | 0.2 | 46.00 | OK | |||
r-release-macos-x86_64 | 0.2 | 86.00 | OK | |||
r-release-windows-x86_64 | 0.2 | 13.00 | 94.00 | 107.00 | OK | |
r-oldrel-macos-arm64 | 0.2 | 39.00 | NOTE | |||
r-oldrel-macos-x86_64 | 0.2 | 61.00 | NOTE | |||
r-oldrel-windows-x86_64 | 0.2 | 19.00 | 123.00 | 142.00 | NOTE |
Version: 0.2
Check: CRAN incoming feasibility
Result: NOTE
Maintainer: ‘Huseyin Yildiz <[email protected]>’
No Authors@R field in DESCRIPTION.
Please add one, modifying
Authors@R: person(given = "Huseyin",
family = "Yildiz",
role = c("aut", "cre"),
email = "[email protected]")
as necessary.
Flavors: r-devel-linux-x86_64-debian-clang, r-devel-linux-x86_64-debian-gcc
Version: 0.2
Check: LazyData
Result: NOTE
'LazyData' is specified without a 'data' directory
Flavors: r-oldrel-macos-arm64, r-oldrel-macos-x86_64, r-oldrel-windows-x86_64