CRAN Package Check Results for Package hoardeR

Last updated on 2025-06-03 03:50:10 CEST.

Flavor Version Tinstall Tcheck Ttotal Status Flags
r-devel-linux-x86_64-debian-clang 0.10 29.19 245.73 274.92 OK
r-devel-linux-x86_64-debian-gcc 0.10 20.53 179.91 200.44 OK
r-devel-linux-x86_64-fedora-clang 0.10 423.39 NOTE
r-devel-linux-x86_64-fedora-gcc 0.10 417.42 NOTE
r-devel-windows-x86_64 0.10 27.00 216.00 243.00 OK
r-patched-linux-x86_64 0.10 27.49 227.73 255.22 OK
r-release-linux-x86_64 0.10 27.91 230.08 257.99 OK
r-release-macos-arm64 0.10 143.00 OK
r-release-macos-x86_64 0.10 295.00 OK
r-release-windows-x86_64 0.10 29.00 217.00 246.00 OK
r-oldrel-macos-arm64 0.10 130.00 OK
r-oldrel-macos-x86_64 0.10 195.00 OK
r-oldrel-windows-x86_64 0.10 38.00 280.00 318.00 OK

Check Details

Version: 0.10
Check: dependencies in R code
Result: NOTE Namespaces in Imports field not imported from: ‘knitr’ ‘rmarkdown’ All declared Imports should be used. Flavors: r-devel-linux-x86_64-fedora-clang, r-devel-linux-x86_64-fedora-gcc