CRAN Package Check Results for Package ggvis

Last updated on 2025-06-02 15:50:34 CEST.

Flavor Version Tinstall Tcheck Ttotal Status Flags
r-devel-linux-x86_64-debian-clang 0.4.9 9.16 91.12 100.28 NOTE
r-devel-linux-x86_64-debian-gcc 0.4.9 7.11 62.96 70.07 NOTE
r-devel-linux-x86_64-fedora-clang 0.4.9 149.55 OK
r-devel-linux-x86_64-fedora-gcc 0.4.9 140.93 OK
r-devel-windows-x86_64 0.4.9 13.00 123.00 136.00 OK
r-patched-linux-x86_64 0.4.9 10.29 84.16 94.45 NOTE
r-release-linux-x86_64 0.4.9 9.35 83.86 93.21 NOTE
r-release-macos-arm64 0.4.9 48.00 OK
r-release-macos-x86_64 0.4.9 80.00 OK
r-release-windows-x86_64 0.4.9 12.00 112.00 124.00 OK
r-oldrel-macos-arm64 0.4.9 42.00 OK
r-oldrel-macos-x86_64 0.4.9 68.00 OK
r-oldrel-windows-x86_64 0.4.9 16.00 136.00 152.00 OK

Check Details

Version: 0.4.9
Check: for unstated dependencies in ‘demo’
Result: NOTE 'library' or 'require' calls not declared from: ‘nasaweather’ ‘tourr’ 'data(package=)' call not declared from: ‘ggplot2’ Flavors: r-devel-linux-x86_64-debian-clang, r-devel-linux-x86_64-debian-gcc, r-patched-linux-x86_64, r-release-linux-x86_64