CRAN Package Check Results for Package geodrawr

Last updated on 2025-06-02 15:50:34 CEST.

Flavor Version Tinstall Tcheck Ttotal Status Flags
r-devel-linux-x86_64-debian-clang 2.0.0 5.57 43.80 49.37 OK
r-devel-linux-x86_64-debian-gcc 2.0.0 4.38 34.61 38.99 OK
r-devel-linux-x86_64-fedora-clang 2.0.0 76.55 OK
r-devel-linux-x86_64-fedora-gcc 2.0.0 79.73 OK
r-devel-windows-x86_64 2.0.0 8.00 57.00 65.00 OK
r-patched-linux-x86_64 2.0.0 5.49 41.38 46.87 OK
r-release-linux-x86_64 2.0.0 5.18 40.90 46.08 OK
r-release-macos-arm64 2.0.0 30.00 OK
r-release-macos-x86_64 2.0.0 42.00 OK
r-release-windows-x86_64 2.0.0 7.00 57.00 64.00 OK
r-oldrel-macos-arm64 2.0.0 24.00 NOTE
r-oldrel-macos-x86_64 2.0.0 36.00 NOTE
r-oldrel-windows-x86_64 2.0.0 10.00 68.00 78.00 NOTE

Check Details

Version: 2.0.0
Check: LazyData
Result: NOTE 'LazyData' is specified without a 'data' directory Flavors: r-oldrel-macos-arm64, r-oldrel-macos-x86_64, r-oldrel-windows-x86_64