CRAN Package Check Results for Package dblr

Last updated on 2025-06-03 03:50:05 CEST.

Flavor Version Tinstall Tcheck Ttotal Status Flags
r-devel-linux-x86_64-debian-clang 0.1.0 6.43 55.76 62.19 NOTE
r-devel-linux-x86_64-debian-gcc 0.1.0 5.01 41.80 46.81 NOTE
r-devel-linux-x86_64-fedora-clang 0.1.0 97.80 OK
r-devel-linux-x86_64-fedora-gcc 0.1.0 93.07 OK
r-devel-windows-x86_64 0.1.0 8.00 68.00 76.00 OK
r-patched-linux-x86_64 0.1.0 6.80 58.02 64.82 OK
r-release-linux-x86_64 0.1.0 6.70 55.30 62.00 OK
r-release-macos-arm64 0.1.0 31.00 OK
r-release-macos-x86_64 0.1.0 52.00 OK
r-release-windows-x86_64 0.1.0 7.00 65.00 72.00 OK
r-oldrel-macos-arm64 0.1.0 29.00 NOTE
r-oldrel-macos-x86_64 0.1.0 42.00 NOTE
r-oldrel-windows-x86_64 0.1.0 10.00 80.00 90.00 NOTE

Check Details

Version: 0.1.0
Check: CRAN incoming feasibility
Result: NOTE Maintainer: ‘Nailong Zhang <[email protected]>’ No Authors@R field in DESCRIPTION. Please add one, modifying Authors@R: person(given = "Nailong", family = "Zhang", role = c("aut", "cre"), email = "[email protected]") as necessary. Flavors: r-devel-linux-x86_64-debian-clang, r-devel-linux-x86_64-debian-gcc

Version: 0.1.0
Check: LazyData
Result: NOTE 'LazyData' is specified without a 'data' directory Flavors: r-oldrel-macos-arm64, r-oldrel-macos-x86_64, r-oldrel-windows-x86_64