Last updated on 2025-06-03 03:50:05 CEST.
Flavor | Version | Tinstall | Tcheck | Ttotal | Status | Flags |
---|---|---|---|---|---|---|
r-devel-linux-x86_64-debian-clang | 1.1.4 | 2.42 | 25.72 | 28.14 | NOTE | |
r-devel-linux-x86_64-debian-gcc | 1.1.4 | 2.02 | 21.09 | 23.11 | NOTE | |
r-devel-linux-x86_64-fedora-clang | 1.1.4 | 42.94 | OK | |||
r-devel-linux-x86_64-fedora-gcc | 1.1.4 | 40.95 | OK | |||
r-devel-windows-x86_64 | 1.1.4 | 4.00 | 46.00 | 50.00 | OK | |
r-patched-linux-x86_64 | 1.1.4 | 2.36 | 24.46 | 26.82 | OK | |
r-release-linux-x86_64 | 1.1.4 | 1.94 | 24.61 | 26.55 | OK | |
r-release-macos-arm64 | 1.1.4 | 19.00 | OK | |||
r-release-macos-x86_64 | 1.1.4 | 42.00 | OK | |||
r-release-windows-x86_64 | 1.1.4 | 3.00 | 46.00 | 49.00 | OK | |
r-oldrel-macos-arm64 | 1.1.4 | 19.00 | OK | |||
r-oldrel-macos-x86_64 | 1.1.4 | 26.00 | OK | |||
r-oldrel-windows-x86_64 | 1.1.4 | 5.00 | 54.00 | 59.00 | OK |
Version: 1.1.4
Check: CRAN incoming feasibility
Result: NOTE
Maintainer: ‘Erin LeDell <[email protected]>’
No Authors@R field in DESCRIPTION.
Please add one, modifying
Authors@R: c(person(given = "Erin",
family = "LeDell",
role = c("aut", "cre"),
email = "[email protected]"),
person(given = "Maya",
family = "Petersen",
role = "aut"),
person(given = "Mark",
family = "van der Laan",
role = "aut"))
as necessary.
Flavors: r-devel-linux-x86_64-debian-clang, r-devel-linux-x86_64-debian-gcc