CRAN Package Check Results for Package csvy

Last updated on 2025-06-03 03:50:05 CEST.

Flavor Version Tinstall Tcheck Ttotal Status Flags
r-devel-linux-x86_64-debian-clang 0.3.0 2.34 25.42 27.76 NOTE
r-devel-linux-x86_64-debian-gcc 0.3.0 1.78 20.98 22.76 NOTE
r-devel-linux-x86_64-fedora-clang 0.3.0 41.17 OK
r-devel-linux-x86_64-fedora-gcc 0.3.0 38.72 OK
r-devel-windows-x86_64 0.3.0 3.00 44.00 47.00 OK
r-patched-linux-x86_64 0.3.0 2.37 23.13 25.50 OK
r-release-linux-x86_64 0.3.0 2.09 22.98 25.07 OK
r-release-macos-arm64 0.3.0 18.00 OK
r-release-macos-x86_64 0.3.0 27.00 OK
r-release-windows-x86_64 0.3.0 5.00 45.00 50.00 OK
r-oldrel-macos-arm64 0.3.0 18.00 OK
r-oldrel-macos-x86_64 0.3.0 26.00 OK
r-oldrel-windows-x86_64 0.3.0 4.00 51.00 55.00 OK

Check Details

Version: 0.3.0
Check: CRAN incoming feasibility
Result: NOTE Maintainer: ‘Thomas J. Leeper <[email protected]>’ Package CITATION file contains call(s) to old-style personList() or as.personList(). Please use c() on person objects instead. Package CITATION file contains call(s) to old-style citEntry(). Please use bibentry() instead. Flavors: r-devel-linux-x86_64-debian-clang, r-devel-linux-x86_64-debian-gcc