CRAN Package Check Results for Package TPES

Last updated on 2025-06-08 17:57:11 CEST.

Flavor Version Tinstall Tcheck Ttotal Status Flags
r-devel-linux-x86_64-debian-clang 1.0.0 2.32 32.94 35.26 NOTE
r-devel-linux-x86_64-debian-gcc 1.0.0 1.76 23.67 25.43 NOTE
r-devel-linux-x86_64-fedora-clang 1.0.0 56.25 OK
r-devel-linux-x86_64-fedora-gcc 1.0.0 54.70 OK
r-devel-windows-x86_64 1.0.0 5.00 148.00 153.00 OK
r-patched-linux-x86_64 1.0.0 2.48 32.42 34.90 OK
r-release-linux-x86_64 1.0.0 2.28 31.20 33.48 OK
r-release-macos-arm64 1.0.0 21.00 OK
r-release-macos-x86_64 1.0.0 34.00 OK
r-release-windows-x86_64 1.0.0 4.00 242.00 246.00 OK
r-oldrel-macos-arm64 1.0.0 20.00 OK
r-oldrel-macos-x86_64 1.0.0 27.00 OK
r-oldrel-windows-x86_64 1.0.0 4.00 141.00 145.00 OK

Check Details

Version: 1.0.0
Check: CRAN incoming feasibility
Result: NOTE Maintainer: ‘Alessio Locallo <[email protected]>’ No Authors@R field in DESCRIPTION. Please add one, modifying Authors@R: c(person(given = "Alessio", family = "Locallo", role = c("aut", "cre"), email = "[email protected]"), person(given = "Davide", family = "Prandi", role = "aut", email = "[email protected]"), person(given = "Francesca", family = "Demichelis", role = "aut", email = "[email protected]")) as necessary. Flavors: r-devel-linux-x86_64-debian-clang, r-devel-linux-x86_64-debian-gcc