CRAN Package Check Results for Package TAG

Last updated on 2025-06-06 22:50:09 CEST.

Flavor Version Tinstall Tcheck Ttotal Status Flags
r-devel-linux-x86_64-debian-clang 0.5.1 24.38 72.63 97.01 NOTE
r-devel-linux-x86_64-debian-gcc 0.5.1 17.00 52.99 69.99 NOTE
r-devel-linux-x86_64-fedora-clang 0.5.1 162.44 NOTE
r-devel-linux-x86_64-fedora-gcc 0.5.1 146.63 NOTE
r-devel-windows-x86_64 0.5.1 29.00 101.00 130.00 NOTE
r-patched-linux-x86_64 0.5.1 24.00 69.48 93.48 NOTE
r-release-linux-x86_64 0.5.1 23.49 68.82 92.31 NOTE
r-release-macos-arm64 0.5.1 50.00 NOTE
r-release-macos-x86_64 0.5.1 78.00 NOTE
r-release-windows-x86_64 0.5.1 30.00 102.00 132.00 NOTE
r-oldrel-macos-arm64 0.5.1 50.00 NOTE
r-oldrel-macos-x86_64 0.5.1 75.00 NOTE
r-oldrel-windows-x86_64 0.5.1 35.00 131.00 166.00 NOTE

Check Details

Version: 0.5.1
Check: CRAN incoming feasibility
Result: NOTE Maintainer: ‘Li-Hsiang Lin <[email protected]>’ No Authors@R field in DESCRIPTION. Please add one, modifying Authors@R: c(person(given = "Li-Hsiang", family = "Lin", role = c("aut", "cre"), email = "[email protected]"), person(given = c("V.", "Roshan"), family = "Joseph", role = "aut")) as necessary. Flavors: r-devel-linux-x86_64-debian-clang, r-devel-linux-x86_64-debian-gcc

Version: 0.5.1
Check: C++ specification
Result: NOTE Specified C++11: please drop specification unless essential Flavors: r-devel-linux-x86_64-debian-clang, r-devel-linux-x86_64-debian-gcc, r-devel-linux-x86_64-fedora-clang, r-devel-linux-x86_64-fedora-gcc, r-devel-windows-x86_64, r-patched-linux-x86_64, r-release-linux-x86_64, r-release-macos-arm64, r-release-macos-x86_64, r-release-windows-x86_64, r-oldrel-macos-arm64, r-oldrel-macos-x86_64, r-oldrel-windows-x86_64