CRAN Package Check Results for Package ProbeDeveloper

Last updated on 2025-06-08 11:52:11 CEST.

Flavor Version Tinstall Tcheck Ttotal Status Flags
r-devel-linux-x86_64-debian-clang 1.1.0 12.44 107.23 119.67 NOTE
r-devel-linux-x86_64-debian-gcc 1.1.0 8.76 78.56 87.32 NOTE
r-devel-linux-x86_64-fedora-clang 1.1.0 188.48 OK
r-devel-linux-x86_64-fedora-gcc 1.1.0 181.26 OK
r-devel-windows-x86_64 1.1.0 12.00 99.00 111.00 OK
r-patched-linux-x86_64 1.1.0 11.10 99.99 111.09 OK
r-release-linux-x86_64 1.1.0 11.25 100.65 111.90 OK
r-release-macos-arm64 1.1.0 52.00 OK
r-release-macos-x86_64 1.1.0 113.00 OK
r-release-windows-x86_64 1.1.0 12.00 101.00 113.00 OK
r-oldrel-macos-arm64 1.1.0 50.00 OK
r-oldrel-macos-x86_64 1.1.0 79.00 OK
r-oldrel-windows-x86_64 1.1.0 13.00 101.00 114.00 OK

Check Details

Version: 1.1.0
Check: CRAN incoming feasibility
Result: NOTE Maintainer: ‘Junhui Li <[email protected]>’ No Authors@R field in DESCRIPTION. Please add one, modifying Authors@R: person(given = "Junhui", family = "Li", role = c("aut", "cre"), email = "[email protected]") as necessary. Flavors: r-devel-linux-x86_64-debian-clang, r-devel-linux-x86_64-debian-gcc