CRAN Package Check Results for Package MultinomialCI

Last updated on 2025-06-08 17:57:00 CEST.

Flavor Version Tinstall Tcheck Ttotal Status Flags
r-devel-linux-x86_64-debian-clang 1.2 1.83 17.15 18.98 NOTE
r-devel-linux-x86_64-debian-gcc 1.2 1.35 14.80 16.15 NOTE
r-devel-linux-x86_64-fedora-clang 1.2 31.28 OK
r-devel-linux-x86_64-fedora-gcc 1.2 28.53 OK
r-devel-windows-x86_64 1.2 3.00 34.00 37.00 OK
r-patched-linux-x86_64 1.2 1.87 15.99 17.86 OK
r-release-linux-x86_64 1.2 1.72 16.03 17.75 OK
r-release-macos-arm64 1.2 16.00 OK
r-release-macos-x86_64 1.2 33.00 OK
r-release-windows-x86_64 1.2 4.00 35.00 39.00 OK
r-oldrel-macos-arm64 1.2 13.00 OK
r-oldrel-macos-x86_64 1.2 30.00 OK
r-oldrel-windows-x86_64 1.2 2.00 35.00 37.00 OK

Check Details

Version: 1.2
Check: CRAN incoming feasibility
Result: NOTE Maintainer: ‘Pablo J. Villacorta <[email protected]>’ No Authors@R field in DESCRIPTION. Please add one, modifying Authors@R: person(given = c("Pablo", "J."), family = "Villacorta", role = c("aut", "cre"), email = "[email protected]") as necessary. Flavors: r-devel-linux-x86_64-debian-clang, r-devel-linux-x86_64-debian-gcc