CRAN Package Check Results for Package MRCE

Last updated on 2025-06-08 17:57:00 CEST.

Flavor Version Tinstall Tcheck Ttotal Status Flags
r-devel-linux-x86_64-debian-clang 2.4 2.40 20.63 23.03 NOTE
r-devel-linux-x86_64-debian-gcc 2.4 1.97 16.88 18.85 NOTE
r-devel-linux-x86_64-fedora-clang 2.4 35.64 OK
r-devel-linux-x86_64-fedora-gcc 2.4 35.44 OK
r-devel-windows-x86_64 2.4 7.00 42.00 49.00 OK
r-patched-linux-x86_64 2.4 2.41 19.52 21.93 OK
r-release-linux-x86_64 2.4 2.28 19.58 21.86 OK
r-release-macos-arm64 2.4 21.00 OK
r-release-macos-x86_64 2.4 33.00 OK
r-release-windows-x86_64 2.4 6.00 42.00 48.00 OK
r-oldrel-macos-arm64 2.4 17.00 OK
r-oldrel-macos-x86_64 2.4 25.00 OK
r-oldrel-windows-x86_64 2.4 6.00 41.00 47.00 OK

Check Details

Version: 2.4
Check: CRAN incoming feasibility
Result: NOTE Maintainer: ‘Adam J. Rothman <[email protected]>’ No Authors@R field in DESCRIPTION. Please add one, modifying Authors@R: person(given = c("Adam", "J."), family = "Rothman", role = c("aut", "cre"), email = "[email protected]") as necessary. Flavors: r-devel-linux-x86_64-debian-clang, r-devel-linux-x86_64-debian-gcc