CRAN Package Check Results for Package GPFDA

Last updated on 2025-06-07 17:57:55 CEST.

Flavor Version Tinstall Tcheck Ttotal Status Flags
r-devel-linux-x86_64-debian-clang 3.1.3 81.34 350.53 431.87 NOTE
r-devel-linux-x86_64-debian-gcc 3.1.3 58.10 256.97 315.07 NOTE
r-devel-linux-x86_64-fedora-clang 3.1.3 718.63 OK
r-devel-linux-x86_64-fedora-gcc 3.1.3 675.83 OK
r-devel-windows-x86_64 3.1.3 93.00 352.00 445.00 OK
r-patched-linux-x86_64 3.1.3 77.31 392.09 469.40 OK
r-release-linux-x86_64 3.1.3 78.74 394.26 473.00 OK
r-release-macos-arm64 3.1.3 202.00 OK
r-release-macos-x86_64 3.1.3 422.00 OK
r-release-windows-x86_64 3.1.3 95.00 356.00 451.00 OK
r-oldrel-macos-arm64 3.1.3 202.00 OK
r-oldrel-macos-x86_64 3.1.3 362.00 OK
r-oldrel-windows-x86_64 3.1.3 116.00 508.00 624.00 OK

Additional issues

M1mac

Check Details

Version: 3.1.3
Check: CRAN incoming feasibility
Result: NOTE Maintainer: ‘Evandro Konzen <[email protected]>’ No Authors@R field in DESCRIPTION. Please add one, modifying Authors@R: c(person(given = c("Jian", "Qing"), family = "Shi", role = "aut"), person(given = "Yafeng", family = "Cheng", role = "aut"), person(given = "Evandro", family = "Konzen", role = c("aut", "cre"), email = "[email protected]")) as necessary. Flavors: r-devel-linux-x86_64-debian-clang, r-devel-linux-x86_64-debian-gcc