CRAN Package Check Results for Package EcotoneFinder

Last updated on 2025-06-04 04:49:46 CEST.

Flavor Version Tinstall Tcheck Ttotal Status Flags
r-devel-linux-x86_64-debian-clang 0.2.3 5.11 85.90 91.01 NOTE
r-devel-linux-x86_64-debian-gcc 0.2.3 2.92 57.56 60.48 NOTE
r-devel-linux-x86_64-fedora-clang 0.2.3 146.22 NOTE
r-devel-linux-x86_64-fedora-gcc 0.2.3 148.30 NOTE
r-devel-windows-x86_64 0.2.3 6.00 101.00 107.00 OK
r-patched-linux-x86_64 0.2.3 5.43 82.67 88.10 OK
r-release-linux-x86_64 0.2.3 3.55 81.49 85.04 OK
r-release-macos-arm64 0.2.3 37.00 OK
r-release-macos-x86_64 0.2.3 80.00 OK
r-release-windows-x86_64 0.2.3 6.00 104.00 110.00 OK
r-oldrel-macos-arm64 0.2.3 40.00 NOTE
r-oldrel-macos-x86_64 0.2.3 60.00 NOTE
r-oldrel-windows-x86_64 0.2.3 8.00 144.00 152.00 NOTE

Check Details

Version: 0.2.3
Check: CRAN incoming feasibility
Result: NOTE Maintainer: ‘Antoine Bagnaro <[email protected]>’ No Authors@R field in DESCRIPTION. Please add one, modifying Authors@R: person(given = "Antoine", family = "Bagnaro", role = c("aut", "cre"), email = "[email protected]") as necessary. Flavors: r-devel-linux-x86_64-debian-clang, r-devel-linux-x86_64-debian-gcc

Version: 0.2.3
Check: dependencies in R code
Result: NOTE Namespaces in Imports field not imported from: ‘Rmisc’ ‘rlang’ All declared Imports should be used. Flavors: r-devel-linux-x86_64-fedora-clang, r-devel-linux-x86_64-fedora-gcc

Version: 0.2.3
Check: LazyData
Result: NOTE 'LazyData' is specified without a 'data' directory Flavors: r-oldrel-macos-arm64, r-oldrel-macos-x86_64, r-oldrel-windows-x86_64