Last updated on 2025-06-04 04:49:47 CEST.
Flavor | Version | Tinstall | Tcheck | Ttotal | Status | Flags |
---|---|---|---|---|---|---|
r-devel-linux-x86_64-debian-clang | 0.0.2 | 11.17 | 91.70 | 102.87 | NOTE | |
r-devel-linux-x86_64-debian-gcc | 0.0.2 | 7.97 | 60.02 | 67.99 | NOTE | |
r-devel-linux-x86_64-fedora-clang | 0.0.2 | 159.72 | OK | |||
r-devel-linux-x86_64-fedora-gcc | 0.0.2 | 150.24 | OK | |||
r-devel-windows-x86_64 | 0.0.2 | 12.00 | 93.00 | 105.00 | OK | |
r-patched-linux-x86_64 | 0.0.2 | 9.76 | 83.91 | 93.67 | OK | |
r-release-linux-x86_64 | 0.0.2 | 9.54 | 85.72 | 95.26 | OK | |
r-release-macos-arm64 | 0.0.2 | 46.00 | OK | |||
r-release-macos-x86_64 | 0.0.2 | 84.00 | OK | |||
r-release-windows-x86_64 | 0.0.2 | 12.00 | 96.00 | 108.00 | OK | |
r-oldrel-macos-arm64 | 0.0.2 | 39.00 | OK | |||
r-oldrel-macos-x86_64 | 0.0.2 | 76.00 | OK | |||
r-oldrel-windows-x86_64 | 0.0.2 | 15.00 | 133.00 | 148.00 | OK |
Version: 0.0.2
Check: CRAN incoming feasibility
Result: NOTE
Maintainer: ‘Lauren Eyler Dang <[email protected]>’
The Description field contains
<arXiv:2210.05802>.
Please refer to arXiv e-prints via their arXiv DOI <doi:10.48550/arXiv.YYMM.NNNNN>.
Flavors: r-devel-linux-x86_64-debian-clang, r-devel-linux-x86_64-debian-gcc