Last updated on 2025-06-04 04:49:47 CEST.
Flavor | Version | Tinstall | Tcheck | Ttotal | Status | Flags |
---|---|---|---|---|---|---|
r-devel-linux-x86_64-debian-clang | 0.1.4 | 7.28 | 73.16 | 80.44 | NOTE | |
r-devel-linux-x86_64-debian-gcc | 0.1.4 | 4.71 | 52.29 | 57.00 | NOTE | |
r-devel-linux-x86_64-fedora-clang | 0.1.4 | 127.01 | OK | |||
r-devel-linux-x86_64-fedora-gcc | 0.1.4 | 128.80 | OK | |||
r-devel-windows-x86_64 | 0.1.4 | 9.00 | 78.00 | 87.00 | OK | |
r-patched-linux-x86_64 | 0.1.4 | 7.82 | 66.17 | 73.99 | OK | |
r-release-linux-x86_64 | 0.1.4 | 7.70 | 67.18 | 74.88 | OK | |
r-release-macos-arm64 | 0.1.4 | 39.00 | OK | |||
r-release-macos-x86_64 | 0.1.4 | 71.00 | OK | |||
r-release-windows-x86_64 | 0.1.4 | 9.00 | 80.00 | 89.00 | OK | |
r-oldrel-macos-arm64 | 0.1.4 | 44.00 | OK | |||
r-oldrel-macos-x86_64 | 0.1.4 | 57.00 | OK | |||
r-oldrel-windows-x86_64 | 0.1.4 | 13.00 | 107.00 | 120.00 | OK |
Version: 0.1.4
Check: CRAN incoming feasibility
Result: NOTE
Maintainer: ‘Catherine B. Hurley <[email protected]>’
No Authors@R field in DESCRIPTION.
Please add one, modifying
Authors@R: person(given = c("Catherine", "B."),
family = "Hurley",
role = c("aut", "cre"),
email = "[email protected]")
as necessary.
Flavors: r-devel-linux-x86_64-debian-clang, r-devel-linux-x86_64-debian-gcc