Last updated on 2025-06-04 04:49:46 CEST.
Flavor | Version | Tinstall | Tcheck | Ttotal | Status | Flags |
---|---|---|---|---|---|---|
r-devel-linux-x86_64-debian-clang | 0.1.0 | 7.00 | 78.45 | 85.45 | NOTE | |
r-devel-linux-x86_64-debian-gcc | 0.1.0 | 4.81 | 55.56 | 60.37 | NOTE | |
r-devel-linux-x86_64-fedora-clang | 0.1.0 | 131.51 | NOTE | |||
r-devel-linux-x86_64-fedora-gcc | 0.1.0 | 132.76 | NOTE | |||
r-devel-windows-x86_64 | 0.1.0 | 8.00 | 84.00 | 92.00 | NOTE | |
r-patched-linux-x86_64 | 0.1.0 | 6.46 | 70.56 | 77.02 | NOTE | |
r-release-linux-x86_64 | 0.1.0 | 6.41 | 70.04 | 76.45 | NOTE | |
r-release-macos-arm64 | 0.1.0 | 72.00 | NOTE | |||
r-release-macos-x86_64 | 0.1.0 | 78.00 | NOTE | |||
r-release-windows-x86_64 | 0.1.0 | 9.00 | 88.00 | 97.00 | NOTE | |
r-oldrel-macos-arm64 | 0.1.0 | 48.00 | OK | |||
r-oldrel-macos-x86_64 | 0.1.0 | 66.00 | OK | |||
r-oldrel-windows-x86_64 | 0.1.0 | 11.00 | 113.00 | 124.00 | OK |
Version: 0.1.0
Check: DESCRIPTION meta-information
Result: NOTE
Missing dependency on R >= 4.2.0 because package code uses the pipe
placeholder syntax added in R 4.2.0.
File(s) using such syntax:
‘ggm.R’ ‘wfdb-structures.R’
Flavors: r-devel-linux-x86_64-debian-clang, r-devel-linux-x86_64-debian-gcc, r-devel-linux-x86_64-fedora-clang, r-devel-linux-x86_64-fedora-gcc, r-devel-windows-x86_64, r-patched-linux-x86_64, r-release-linux-x86_64, r-release-macos-arm64, r-release-macos-x86_64, r-release-windows-x86_64