Last updated on 2025-06-04 04:49:46 CEST.
Flavor | Version | Tinstall | Tcheck | Ttotal | Status | Flags |
---|---|---|---|---|---|---|
r-devel-linux-x86_64-debian-clang | 0.5.0 | 58.85 | 389.39 | 448.24 | OK | |
r-devel-linux-x86_64-debian-gcc | 0.5.0 | 43.02 | 260.01 | 303.03 | OK | |
r-devel-linux-x86_64-fedora-clang | 0.5.0 | 731.06 | NOTE | |||
r-devel-linux-x86_64-fedora-gcc | 0.5.0 | 694.57 | NOTE | |||
r-devel-windows-x86_64 | 0.5.0 | 69.00 | 368.00 | 437.00 | OK | |
r-patched-linux-x86_64 | 0.5.0 | 65.14 | 373.49 | 438.63 | OK | |
r-release-linux-x86_64 | 0.5.0 | 62.81 | 360.16 | 422.97 | OK | |
r-release-macos-arm64 | 0.5.0 | 179.00 | OK | |||
r-release-macos-x86_64 | 0.5.0 | 422.00 | OK | |||
r-release-windows-x86_64 | 0.5.0 | 73.00 | 381.00 | 454.00 | OK | |
r-oldrel-macos-arm64 | 0.5.0 | 183.00 | OK | |||
r-oldrel-macos-x86_64 | 0.5.0 | 377.00 | OK | |||
r-oldrel-windows-x86_64 | 0.5.0 | 88.00 | 531.00 | 619.00 | OK |
Version: 0.5.0
Check: dependencies in R code
Result: NOTE
Namespace in Imports field not imported from: ‘progress’
All declared Imports should be used.
Flavors: r-devel-linux-x86_64-fedora-clang, r-devel-linux-x86_64-fedora-gcc