Last updated on 2025-06-04 04:49:46 CEST.
Flavor | Version | Tinstall | Tcheck | Ttotal | Status | Flags |
---|---|---|---|---|---|---|
r-devel-linux-x86_64-debian-clang | 5.1 | 16.52 | 113.42 | 129.94 | NOTE | |
r-devel-linux-x86_64-debian-gcc | 5.1 | 12.03 | 82.17 | 94.20 | NOTE | |
r-devel-linux-x86_64-fedora-clang | 5.1 | 203.07 | OK | |||
r-devel-linux-x86_64-fedora-gcc | 5.1 | 189.07 | OK | |||
r-devel-windows-x86_64 | 5.1 | 16.00 | 113.00 | 129.00 | OK | |
r-patched-linux-x86_64 | 5.1 | 16.21 | 106.26 | 122.47 | OK | |
r-release-linux-x86_64 | 5.1 | 15.20 | 106.65 | 121.85 | OK | |
r-release-macos-arm64 | 5.1 | 59.00 | OK | |||
r-release-macos-x86_64 | 5.1 | 99.00 | OK | |||
r-release-windows-x86_64 | 5.1 | 15.00 | 115.00 | 130.00 | OK | |
r-oldrel-macos-arm64 | 5.1 | 53.00 | OK | |||
r-oldrel-macos-x86_64 | 5.1 | 144.00 | OK | |||
r-oldrel-windows-x86_64 | 5.1 | 22.00 | 157.00 | 179.00 | OK |
Version: 5.1
Check: CRAN incoming feasibility
Result: NOTE
Maintainer: ‘Amirhossein Jalali <[email protected]>’
No Authors@R field in DESCRIPTION.
Please add one, modifying
Authors@R: c(person(given = "Amirhossein",
family = "Jalali",
role = c("aut", "cre"),
email = "[email protected]"),
person(given = "Davood",
family = "Roshan",
role = "aut"),
person(given = "Alberto",
family = "Alvarez-Iglesias",
role = "aut"),
person(given = "John",
family = "Newell",
role = "aut"))
as necessary.
Flavors: r-devel-linux-x86_64-debian-clang, r-devel-linux-x86_64-debian-gcc