Last updated on 2025-06-04 04:49:46 CEST.
Flavor | Version | Tinstall | Tcheck | Ttotal | Status | Flags |
---|---|---|---|---|---|---|
r-devel-linux-x86_64-debian-clang | 1.0 | 20.48 | 52.14 | 72.62 | NOTE | |
r-devel-linux-x86_64-debian-gcc | 1.0 | 13.33 | 41.56 | 54.89 | NOTE | |
r-devel-linux-x86_64-fedora-clang | 1.0 | 119.63 | OK | |||
r-devel-linux-x86_64-fedora-gcc | 1.0 | 122.73 | OK | |||
r-devel-windows-x86_64 | 1.0 | 22.00 | 90.00 | 112.00 | OK | |
r-patched-linux-x86_64 | 1.0 | 18.94 | 49.06 | 68.00 | OK | |
r-release-linux-x86_64 | 1.0 | 17.89 | 49.84 | 67.73 | OK | |
r-release-macos-arm64 | 1.0 | 59.00 | OK | |||
r-release-macos-x86_64 | 1.0 | 111.00 | OK | |||
r-release-windows-x86_64 | 1.0 | 24.00 | 91.00 | 115.00 | OK | |
r-oldrel-macos-arm64 | 1.0 | 44.00 | OK | |||
r-oldrel-macos-x86_64 | 1.0 | 67.00 | OK | |||
r-oldrel-windows-x86_64 | 1.0 | 28.00 | 110.00 | 138.00 | OK |
Version: 1.0
Check: CRAN incoming feasibility
Result: NOTE
Maintainer: ‘Il-Youp Kwak <[email protected]>’
No Authors@R field in DESCRIPTION.
Please add one, modifying
Authors@R: c(person(given = c("Il-Youp", "Kwak", "with", "contributions", "from", "Wuming"),
family = "Gong",
role = "aut"),
person(given = "Il-Youp",
family = "Kwak",
role = "cre",
email = "[email protected]"))
as necessary.
Flavors: r-devel-linux-x86_64-debian-clang, r-devel-linux-x86_64-debian-gcc