CRAN Package Check Results for Package DrDimont

Last updated on 2025-06-04 04:49:46 CEST.

Flavor Version Tinstall Tcheck Ttotal Status Flags
r-devel-linux-x86_64-debian-clang 0.1.4 6.73 75.20 81.93 NOTE
r-devel-linux-x86_64-debian-gcc 0.1.4 5.30 56.18 61.48 NOTE
r-devel-linux-x86_64-fedora-clang 0.1.4 127.07 NOTE
r-devel-linux-x86_64-fedora-gcc 0.1.4 134.43 NOTE
r-devel-windows-x86_64 0.1.4 10.00 104.00 114.00 NOTE
r-patched-linux-x86_64 0.1.4 8.39 71.84 80.23 NOTE
r-release-linux-x86_64 0.1.4 6.40 71.81 78.21 NOTE
r-release-macos-arm64 0.1.4 53.00 NOTE
r-release-macos-x86_64 0.1.4 85.00 NOTE
r-release-windows-x86_64 0.1.4 9.00 110.00 119.00 NOTE
r-oldrel-macos-arm64 0.1.4 45.00 NOTE
r-oldrel-macos-x86_64 0.1.4 73.00 NOTE
r-oldrel-windows-x86_64 0.1.4 12.00 135.00 147.00 NOTE

Check Details

Version: 0.1.4
Check: CRAN incoming feasibility
Result: NOTE Maintainer: ‘Katharina Baum <[email protected]>’ Package CITATION file contains call(s) to old-style citEntry(). Please use bibentry() instead. Flavors: r-devel-linux-x86_64-debian-clang, r-devel-linux-x86_64-debian-gcc

Version: 0.1.4
Check: Rd files
Result: NOTE checkRd: (-1) generate_individual_graphs.Rd:11: Lost braces 11 | code{\link[DrDimont]{compute_correlation_matrices}}} | ^ Flavors: r-devel-linux-x86_64-debian-clang, r-devel-linux-x86_64-debian-gcc, r-devel-linux-x86_64-fedora-clang, r-devel-linux-x86_64-fedora-gcc, r-devel-windows-x86_64, r-patched-linux-x86_64, r-release-linux-x86_64, r-release-macos-arm64, r-release-macos-x86_64, r-release-windows-x86_64, r-oldrel-macos-arm64, r-oldrel-macos-x86_64, r-oldrel-windows-x86_64