Last updated on 2025-06-04 04:49:46 CEST.
Flavor | Version | Tinstall | Tcheck | Ttotal | Status | Flags |
---|---|---|---|---|---|---|
r-devel-linux-x86_64-debian-clang | 0.0.2 | 6.65 | 53.17 | 59.82 | NOTE | |
r-devel-linux-x86_64-debian-gcc | 0.0.2 | 4.66 | 39.77 | 44.43 | NOTE | |
r-devel-linux-x86_64-fedora-clang | 0.0.2 | 96.17 | OK | |||
r-devel-linux-x86_64-fedora-gcc | 0.0.2 | 86.89 | OK | |||
r-devel-windows-x86_64 | 0.0.2 | 9.00 | 72.00 | 81.00 | OK | |
r-patched-linux-x86_64 | 0.0.2 | 6.65 | 50.14 | 56.79 | OK | |
r-release-linux-x86_64 | 0.0.2 | 7.03 | 48.56 | 55.59 | OK | |
r-release-macos-arm64 | 0.0.2 | 34.00 | OK | |||
r-release-macos-x86_64 | 0.0.2 | 50.00 | OK | |||
r-release-windows-x86_64 | 0.0.2 | 11.00 | 65.00 | 76.00 | OK | |
r-oldrel-macos-arm64 | 0.0.2 | 28.00 | OK | |||
r-oldrel-macos-x86_64 | 0.0.2 | 41.00 | OK | |||
r-oldrel-windows-x86_64 | 0.0.2 | 10.00 | 83.00 | 93.00 | OK |
Version: 0.0.2
Check: CRAN incoming feasibility
Result: NOTE
Maintainer: ‘Christopher Casement <[email protected]>’
Package CITATION file contains call(s) to old-style personList() or
as.personList(). Please use c() on person objects instead.
Package CITATION file contains call(s) to old-style citEntry(). Please
use bibentry() instead.
Flavors: r-devel-linux-x86_64-debian-clang, r-devel-linux-x86_64-debian-gcc