CRAN Package Check Results for Package DirichletReg

Last updated on 2025-06-04 04:49:46 CEST.

Flavor Version Tinstall Tcheck Ttotal Status Flags
r-devel-linux-x86_64-debian-clang 0.7-2 5.78 53.35 59.13 OK
r-devel-linux-x86_64-debian-gcc 0.7-2 4.80 41.38 46.18 OK
r-devel-linux-x86_64-fedora-clang 0.7-2 86.65 OK
r-devel-linux-x86_64-fedora-gcc 0.7-2 95.59 OK
r-devel-windows-x86_64 0.7-2 11.00 68.00 79.00 OK
r-patched-linux-x86_64 0.7-1 6.91 52.07 58.98 NOTE
r-release-linux-x86_64 0.7-1 6.53 51.54 58.07 NOTE
r-release-macos-arm64 0.7-2 66.00 OK
r-release-macos-x86_64 0.7-2 109.00 OK
r-release-windows-x86_64 0.7-2 12.00 76.00 88.00 OK
r-oldrel-macos-arm64 0.7-2 45.00 OK
r-oldrel-macos-x86_64 0.7-2 115.00 OK
r-oldrel-windows-x86_64 0.7-2 13.00 66.00 79.00 OK

Check Details

Version: 0.7-1
Check: Rd cross-references
Result: NOTE Found the following Rd file(s) with Rd \link{} targets missing package anchors: DirichletRegModel.Rd: update.Formula Please provide package anchors for all Rd \link{} targets not in the package itself and the base packages. Flavors: r-patched-linux-x86_64, r-release-linux-x86_64