Last updated on 2025-06-04 04:49:45 CEST.
Flavor | Version | Tinstall | Tcheck | Ttotal | Status | Flags |
---|---|---|---|---|---|---|
r-devel-linux-x86_64-debian-clang | 0.13 | 5.19 | 49.96 | 55.15 | NOTE | |
r-devel-linux-x86_64-debian-gcc | 0.13 | 3.61 | 36.52 | 40.13 | NOTE | |
r-devel-linux-x86_64-fedora-clang | 0.13 | 86.76 | OK | |||
r-devel-linux-x86_64-fedora-gcc | 0.13 | 81.81 | OK | |||
r-devel-windows-x86_64 | 0.13 | 7.00 | 93.00 | 100.00 | OK | |
r-patched-linux-x86_64 | 0.13 | 5.82 | 46.54 | 52.36 | OK | |
r-release-linux-x86_64 | 0.13 | 5.30 | 47.14 | 52.44 | OK | |
r-release-macos-arm64 | 0.13 | 40.00 | OK | |||
r-release-macos-x86_64 | 0.13 | 73.00 | OK | |||
r-release-windows-x86_64 | 0.13 | 7.00 | 90.00 | 97.00 | OK | |
r-oldrel-macos-arm64 | 0.13 | 37.00 | OK | |||
r-oldrel-macos-x86_64 | 0.13 | 50.00 | OK | |||
r-oldrel-windows-x86_64 | 0.13 | 9.00 | 106.00 | 115.00 | OK |
Version: 0.13
Check: CRAN incoming feasibility
Result: NOTE
Maintainer: ‘Christian Vincenot <[email protected]>’
No Authors@R field in DESCRIPTION.
Please add one, modifying
Authors@R: person(given = "Christian",
family = "Vincenot",
role = c("aut", "cre"),
email = "[email protected]")
as necessary.
Flavors: r-devel-linux-x86_64-debian-clang, r-devel-linux-x86_64-debian-gcc