CRAN Package Check Results for Package DiPALM

Last updated on 2025-06-04 04:49:46 CEST.

Flavor Version Tinstall Tcheck Ttotal Status Flags
r-devel-linux-x86_64-debian-clang 1.2 26.51 225.00 251.51 NOTE
r-devel-linux-x86_64-debian-gcc 1.2 18.05 154.40 172.45 NOTE
r-devel-linux-x86_64-fedora-clang 1.2 392.26 OK
r-devel-linux-x86_64-fedora-gcc 1.2 380.36 OK
r-devel-windows-x86_64 1.2 26.00 187.00 213.00 OK
r-patched-linux-x86_64 1.2 27.89 210.59 238.48 OK
r-release-linux-x86_64 1.2 25.91 207.05 232.96 OK
r-release-macos-arm64 1.2 110.00 OK
r-release-macos-x86_64 1.2 210.00 OK
r-release-windows-x86_64 1.2 25.00 185.00 210.00 OK
r-oldrel-macos-arm64 1.2 97.00 OK
r-oldrel-macos-x86_64 1.2 172.00 OK
r-oldrel-windows-x86_64 1.2 37.00 248.00 285.00 OK

Check Details

Version: 1.2
Check: CRAN incoming feasibility
Result: NOTE Maintainer: ‘Ryan C. Sartor <[email protected]>’ No Authors@R field in DESCRIPTION. Please add one, modifying Authors@R: c(person(given = c("Ryan", "C."), family = "Sartor", role = c("aut", "cre"), email = "[email protected]"), person(given = "Kathleen", family = "Greenham", role = "aut", email = "[email protected]")) as necessary. Package CITATION file contains call(s) to old-style citEntry(). Please use bibentry() instead. Flavors: r-devel-linux-x86_64-debian-clang, r-devel-linux-x86_64-debian-gcc