CRAN Package Check Results for Package Dforest

Last updated on 2025-06-04 04:49:45 CEST.

Flavor Version Tinstall Tcheck Ttotal Status Flags
r-devel-linux-x86_64-debian-clang 0.4.2 5.90 52.12 58.02 NOTE
r-devel-linux-x86_64-debian-gcc 0.4.2 4.01 36.36 40.37 NOTE
r-devel-linux-x86_64-fedora-clang 0.4.2 89.34 OK
r-devel-linux-x86_64-fedora-gcc 0.4.2 85.25 OK
r-devel-windows-x86_64 0.4.2 8.00 70.00 78.00 OK
r-patched-linux-x86_64 0.4.2 5.23 48.23 53.46 OK
r-release-linux-x86_64 0.4.2 5.59 47.48 53.07 OK
r-release-macos-arm64 0.4.2 29.00 OK
r-release-macos-x86_64 0.4.2 54.00 OK
r-release-windows-x86_64 0.4.2 7.00 67.00 74.00 OK
r-oldrel-macos-arm64 0.4.2 30.00 OK
r-oldrel-macos-x86_64 0.4.2 45.00 OK
r-oldrel-windows-x86_64 0.4.2 10.00 79.00 89.00 OK

Check Details

Version: 0.4.2
Check: CRAN incoming feasibility
Result: NOTE Maintainer: ‘Leihong Wu <[email protected]>’ No Authors@R field in DESCRIPTION. Please add one, modifying Authors@R: c(person(given = "Leihong", family = "Wu", role = c("aut", "cre"), email = "[email protected]"), person(given = "Weida", family = "Tong", role = "aut", comment = "[email protected]")) as necessary. Flavors: r-devel-linux-x86_64-debian-clang, r-devel-linux-x86_64-debian-gcc