CRAN Package Check Results for Package DeclareDesign

Last updated on 2025-06-04 04:49:45 CEST.

Flavor Version Tinstall Tcheck Ttotal Status Flags
r-devel-linux-x86_64-debian-clang 1.0.10 6.61 201.98 208.59 NOTE
r-devel-linux-x86_64-debian-gcc 1.0.10 4.54 137.79 142.33 NOTE
r-devel-linux-x86_64-fedora-clang 1.0.10 332.20 OK
r-devel-linux-x86_64-fedora-gcc 1.0.10 327.29 OK
r-devel-windows-x86_64 1.0.10 10.00 184.00 194.00 NOTE
r-patched-linux-x86_64 1.0.10 6.78 197.84 204.62 NOTE
r-release-linux-x86_64 1.0.10 6.09 193.12 199.21 NOTE
r-release-macos-arm64 1.0.10 108.00 OK
r-release-macos-x86_64 1.0.10 246.00 OK
r-release-windows-x86_64 1.0.10 11.00 187.00 198.00 NOTE
r-oldrel-macos-arm64 1.0.10 94.00 OK
r-oldrel-macos-x86_64 1.0.10 149.00 OK
r-oldrel-windows-x86_64 1.0.10 14.00 272.00 286.00 OK

Check Details

Version: 1.0.10
Check: Rd cross-references
Result: NOTE Found the following Rd file(s) with Rd \link{} targets missing package anchors: declare_estimator.Rd: lm_robust, estimatr, glance Please provide package anchors for all Rd \link{} targets not in the package itself and the base packages. Flavors: r-devel-linux-x86_64-debian-clang, r-devel-linux-x86_64-debian-gcc, r-devel-windows-x86_64, r-patched-linux-x86_64, r-release-linux-x86_64, r-release-windows-x86_64