CRAN Package Check Results for Package DRR

Last updated on 2025-06-04 04:49:46 CEST.

Flavor Version Tinstall Tcheck Ttotal Status Flags
r-devel-linux-x86_64-debian-clang 0.0.4 7.35 201.65 209.00 OK
r-devel-linux-x86_64-debian-gcc 0.0.4 5.44 130.11 135.55 OK
r-devel-linux-x86_64-fedora-clang 0.0.4 334.07 OK
r-devel-linux-x86_64-fedora-gcc 0.0.4 321.79 OK
r-devel-windows-x86_64 0.0.4 8.00 170.00 178.00 OK
r-patched-linux-x86_64 0.0.4 7.08 192.94 200.02 OK
r-release-linux-x86_64 0.0.4 6.67 193.55 200.22 OK
r-release-macos-arm64 0.0.4 100.00 OK
r-release-macos-x86_64 0.0.4 232.00 OK
r-release-windows-x86_64 0.0.4 9.00 172.00 181.00 OK
r-oldrel-macos-arm64 0.0.4 84.00 NOTE
r-oldrel-macos-x86_64 0.0.4 138.00 NOTE
r-oldrel-windows-x86_64 0.0.4 12.00 248.00 260.00 NOTE

Check Details

Version: 0.0.4
Check: LazyData
Result: NOTE 'LazyData' is specified without a 'data' directory Flavors: r-oldrel-macos-arm64, r-oldrel-macos-x86_64, r-oldrel-windows-x86_64