CRAN Package Check Results for Package DNMF

Last updated on 2025-06-04 04:49:46 CEST.

Flavor Version Tinstall Tcheck Ttotal Status Flags
r-devel-linux-x86_64-debian-clang 1.4.2 6.15 51.49 57.64 NOTE
r-devel-linux-x86_64-debian-gcc 1.4.2 4.88 40.03 44.91 NOTE
r-devel-linux-x86_64-fedora-clang 1.4.2 90.10 OK
r-devel-linux-x86_64-fedora-gcc 1.4.2 85.22 OK
r-devel-windows-x86_64 1.4.2 7.00 64.00 71.00 OK
r-patched-linux-x86_64 1.4.2 6.05 49.14 55.19 OK
r-release-linux-x86_64 1.4.2 5.99 49.67 55.66 OK
r-release-macos-arm64 1.4.2 29.00 OK
r-release-macos-x86_64 1.4.2 56.00 OK
r-release-windows-x86_64 1.4.2 7.00 67.00 74.00 OK
r-oldrel-macos-arm64 1.4.2 27.00 OK
r-oldrel-macos-x86_64 1.4.2 47.00 OK
r-oldrel-windows-x86_64 1.4.2 10.00 78.00 88.00 OK

Check Details

Version: 1.4.2
Check: CRAN incoming feasibility
Result: NOTE Maintainer: ‘Zhilong Jia <[email protected]>’ Package CITATION file contains call(s) to old-style personList() or as.personList(). Please use c() on person objects instead. Package CITATION file contains call(s) to old-style citEntry(). Please use bibentry() instead. Flavors: r-devel-linux-x86_64-debian-clang, r-devel-linux-x86_64-debian-gcc