CRAN Package Check Results for Package DHBins

Last updated on 2025-06-04 04:49:45 CEST.

Flavor Version Tinstall Tcheck Ttotal Status Flags
r-devel-linux-x86_64-debian-clang 1.1 5.38 50.05 55.43 NOTE
r-devel-linux-x86_64-debian-gcc 1.1 3.98 36.53 40.51 NOTE
r-devel-linux-x86_64-fedora-clang 1.1 86.25 OK
r-devel-linux-x86_64-fedora-gcc 1.1 79.41 OK
r-devel-windows-x86_64 1.1 7.00 70.00 77.00 OK
r-patched-linux-x86_64 1.1 5.81 46.21 52.02 OK
r-release-linux-x86_64 1.1 4.28 46.40 50.68 OK
r-release-macos-arm64 1.1 30.00 OK
r-release-macos-x86_64 1.1 45.00 OK
r-release-windows-x86_64 1.1 6.00 70.00 76.00 OK
r-oldrel-macos-arm64 1.1 29.00 OK
r-oldrel-macos-x86_64 1.1 62.00 OK
r-oldrel-windows-x86_64 1.1 10.00 83.00 93.00 OK

Check Details

Version: 1.1
Check: CRAN incoming feasibility
Result: NOTE Maintainer: ‘Thomas Lumley <[email protected]>’ No Authors@R field in DESCRIPTION. Please add one, modifying Authors@R: person(given = "Thomas", family = "Lumley", role = c("aut", "cre"), email = "[email protected]") as necessary. The Description field contains or Regional Councils. The preprint Lumley (2019) <arXiv:1912.04435> is Please refer to arXiv e-prints via their arXiv DOI <doi:10.48550/arXiv.YYMM.NNNNN>. Flavors: r-devel-linux-x86_64-debian-clang, r-devel-linux-x86_64-debian-gcc