Last updated on 2025-06-04 04:49:45 CEST.
Flavor | Version | Tinstall | Tcheck | Ttotal | Status | Flags |
---|---|---|---|---|---|---|
r-devel-linux-x86_64-debian-clang | 1.7.4 | 28.43 | 105.61 | 134.04 | NOTE | |
r-devel-linux-x86_64-debian-gcc | 1.7.4 | 20.19 | 73.95 | 94.14 | NOTE | |
r-devel-linux-x86_64-fedora-clang | 1.7.4 | 218.40 | NOTE | |||
r-devel-linux-x86_64-fedora-gcc | 1.7.4 | 197.30 | NOTE | |||
r-devel-windows-x86_64 | 1.7.4 | 34.00 | 129.00 | 163.00 | NOTE | |
r-patched-linux-x86_64 | 1.7.4 | 29.21 | 98.10 | 127.31 | NOTE | |
r-release-linux-x86_64 | 1.7.4 | 29.70 | 98.78 | 128.48 | NOTE | |
r-release-macos-arm64 | 1.7.4 | 58.00 | NOTE | |||
r-release-macos-x86_64 | 1.7.4 | 104.00 | NOTE | |||
r-release-windows-x86_64 | 1.7.4 | 33.00 | 130.00 | 163.00 | NOTE | |
r-oldrel-macos-arm64 | 1.7.4 | 54.00 | NOTE | |||
r-oldrel-macos-x86_64 | 1.7.4 | 111.00 | NOTE | |||
r-oldrel-windows-x86_64 | 1.7.4 | 44.00 | 166.00 | 210.00 | NOTE |
Version: 1.7.4
Check: CRAN incoming feasibility
Result: NOTE
Maintainer: ‘Simon Schwab <[email protected]>’
No Authors@R field in DESCRIPTION.
Please add one, modifying
Authors@R: c(person(given = "Simon",
family = "Schwab",
role = c("aut", "cre"),
email = "[email protected]"),
person(given = "Ruth",
family = "Harbord",
role = "aut",
email = "[email protected]"),
person(given = "Lilia",
family = "Costa",
role = "aut",
email = "[email protected]"),
person(given = "Thomas",
family = "Nichols",
role = "aut",
email = "[email protected]"))
as necessary.
Flavors: r-devel-linux-x86_64-debian-clang, r-devel-linux-x86_64-debian-gcc
Version: 1.7.4
Check: C++ specification
Result: NOTE
Specified C++11: please drop specification unless essential
Flavors: r-devel-linux-x86_64-debian-clang, r-devel-linux-x86_64-debian-gcc, r-devel-linux-x86_64-fedora-clang, r-devel-linux-x86_64-fedora-gcc, r-devel-windows-x86_64, r-patched-linux-x86_64, r-release-linux-x86_64, r-release-macos-arm64, r-release-macos-x86_64, r-release-windows-x86_64, r-oldrel-macos-arm64, r-oldrel-macos-x86_64, r-oldrel-windows-x86_64