Last updated on 2025-06-07 17:57:50 CEST.
Flavor | Version | Tinstall | Tcheck | Ttotal | Status | Flags |
---|---|---|---|---|---|---|
r-devel-linux-x86_64-debian-clang | 0.8.1 | 27.36 | 97.17 | 124.53 | NOTE | |
r-devel-linux-x86_64-debian-gcc | 0.8.1 | 20.42 | 72.29 | 92.71 | NOTE | |
r-devel-linux-x86_64-fedora-clang | 0.8.1 | 230.19 | OK | |||
r-devel-linux-x86_64-fedora-gcc | 0.8.1 | 221.45 | OK | |||
r-devel-windows-x86_64 | 0.8.1 | 33.00 | 281.00 | 314.00 | OK | |
r-patched-linux-x86_64 | 0.8.1 | 27.67 | 93.64 | 121.31 | OK | |
r-release-linux-x86_64 | 0.8.1 | 28.20 | 93.76 | 121.96 | OK | |
r-release-macos-arm64 | 0.8.1 | 65.00 | OK | |||
r-release-macos-x86_64 | 0.8.1 | 125.00 | OK | |||
r-release-windows-x86_64 | 0.8.1 | 35.00 | 268.00 | 303.00 | OK | |
r-oldrel-macos-arm64 | 0.8.1 | 68.00 | OK | |||
r-oldrel-macos-x86_64 | 0.8.1 | 99.00 | OK | |||
r-oldrel-windows-x86_64 | 0.8.1 | 33.00 | 248.00 | 281.00 | OK |
Version: 0.8.1
Check: CRAN incoming feasibility
Result: NOTE
Maintainer: ‘Andrew Raim <[email protected]>’
No Authors@R field in DESCRIPTION.
Please add one, modifying
Authors@R: c(person(given = c("Kimberly", "Sellers", "Thomas", "Lotze", "<[email protected]>", "Andrew", "Raim"),
family = "<[email protected]>",
role = "aut",
email = "[email protected]"),
person(given = "Andrew",
family = "Raim",
role = "cre",
email = "[email protected]"))
as necessary.
Flavors: r-devel-linux-x86_64-debian-clang, r-devel-linux-x86_64-debian-gcc