CRAN Package Check Results for Package CIARA

Last updated on 2025-06-04 04:49:44 CEST.

Flavor Version Tinstall Tcheck Ttotal Status Flags
r-devel-linux-x86_64-debian-clang 0.1.0 8.85 108.41 117.26 NOTE
r-devel-linux-x86_64-debian-gcc 0.1.0 5.84 79.13 84.97 NOTE
r-devel-linux-x86_64-fedora-clang 0.1.0 183.32 OK
r-devel-linux-x86_64-fedora-gcc 0.1.0 177.66 OK
r-devel-windows-x86_64 0.1.0 9.00 112.00 121.00 OK
r-patched-linux-x86_64 0.1.0 8.24 101.22 109.46 OK
r-release-linux-x86_64 0.1.0 6.45 103.27 109.72 OK
r-release-macos-arm64 0.1.0 53.00 OK
r-release-macos-x86_64 0.1.0 75.00 NOTE
r-release-windows-x86_64 0.1.0 12.00 106.00 118.00 OK
r-oldrel-macos-arm64 0.1.0 46.00 NOTE
r-oldrel-macos-x86_64 0.1.0 87.00 NOTE
r-oldrel-windows-x86_64 0.1.0 13.00 136.00 149.00 NOTE

Check Details

Version: 0.1.0
Check: CRAN incoming feasibility
Result: NOTE Maintainer: ‘Gabriele Lubatti <[email protected]>’ No Authors@R field in DESCRIPTION. Please add one, modifying Authors@R: person(given = "Gabriele", family = "Lubatti", role = c("aut", "cre"), email = "[email protected]") as necessary. Flavors: r-devel-linux-x86_64-debian-clang, r-devel-linux-x86_64-debian-gcc

Version: 0.1.0
Check: re-building of vignette outputs
Result: NOTE Note: skipping ‘CIARA.Rmd’ due to unavailable dependencies: 'Seurat' Flavor: r-release-macos-x86_64

Version: 0.1.0
Check: installed package size
Result: NOTE installed size is 8.0Mb sub-directories of 1Mb or more: doc 5.7Mb extdata 2.1Mb Flavors: r-oldrel-macos-arm64, r-oldrel-macos-x86_64, r-oldrel-windows-x86_64