CRAN Package Check Results for Package CCA

Last updated on 2025-06-04 04:49:43 CEST.

Flavor Version Tinstall Tcheck Ttotal Status Flags
r-devel-linux-x86_64-debian-clang 1.2.2 10.31 81.16 91.47 NOTE
r-devel-linux-x86_64-debian-gcc 1.2.2 7.02 60.03 67.05 NOTE
r-devel-linux-x86_64-fedora-clang 1.2.2 153.59 OK
r-devel-linux-x86_64-fedora-gcc 1.2.2 137.42 OK
r-devel-windows-x86_64 1.2.2 11.00 107.00 118.00 OK
r-patched-linux-x86_64 1.2.2 10.37 77.74 88.11 OK
r-release-linux-x86_64 1.2.2 9.26 78.27 87.53 OK
r-release-macos-arm64 1.2.2 44.00 OK
r-release-macos-x86_64 1.2.2 75.00 OK
r-release-windows-x86_64 1.2.2 11.00 91.00 102.00 OK
r-oldrel-macos-arm64 1.2.2 40.00 OK
r-oldrel-macos-x86_64 1.2.2 59.00 OK
r-oldrel-windows-x86_64 1.2.2 15.00 106.00 121.00 OK

Check Details

Version: 1.2.2
Check: CRAN incoming feasibility
Result: NOTE Maintainer: ‘Sébastien Déjean <[email protected]>’ No Authors@R field in DESCRIPTION. Please add one, modifying Authors@R: c(person(given = "Ignacio", family = "González", role = "aut"), person(given = "Sébastien", family = "Déjean", role = c("aut", "cre"), email = "[email protected]")) as necessary. Flavors: r-devel-linux-x86_64-debian-clang, r-devel-linux-x86_64-debian-gcc