CRAN Package Check Results for Package CALF

Last updated on 2025-06-04 04:49:43 CEST.

Flavor Version Tinstall Tcheck Ttotal Status Flags
r-devel-linux-x86_64-debian-clang 1.0.17 6.16 57.62 63.78 NOTE
r-devel-linux-x86_64-debian-gcc 1.0.17 4.32 39.21 43.53 NOTE
r-devel-linux-x86_64-fedora-clang 1.0.17 107.37 OK
r-devel-linux-x86_64-fedora-gcc 1.0.17 94.75 OK
r-devel-windows-x86_64 1.0.17 7.00 66.00 73.00 OK
r-patched-linux-x86_64 1.0.17 6.53 53.32 59.85 OK
r-release-linux-x86_64 1.0.17 4.75 53.07 57.82 OK
r-release-macos-arm64 1.0.17 30.00 OK
r-release-macos-x86_64 1.0.17 50.00 OK
r-release-windows-x86_64 1.0.17 8.00 68.00 76.00 OK
r-oldrel-macos-arm64 1.0.17 30.00 OK
r-oldrel-macos-x86_64 1.0.17 41.00 OK
r-oldrel-windows-x86_64 1.0.17 10.00 85.00 95.00 OK

Check Details

Version: 1.0.17
Check: CRAN incoming feasibility
Result: NOTE Maintainer: ‘John Ford <[email protected]>’ No Authors@R field in DESCRIPTION. Please add one, modifying Authors@R: c(person(given = "Stephanie", family = "Lane", role = c("aut", "cre")), person(given = "John", family = "Ford", role = c("aut", "cre"), email = "[email protected]"), person(given = "Clark", family = "Jeffries", role = "aut"), person(given = "Diana", family = "Perkins", role = "aut")) as necessary. Flavors: r-devel-linux-x86_64-debian-clang, r-devel-linux-x86_64-debian-gcc