Last updated on 2025-06-04 04:49:43 CEST.
Flavor | Version | Tinstall | Tcheck | Ttotal | Status | Flags |
---|---|---|---|---|---|---|
r-devel-linux-x86_64-debian-clang | 3.2.0 | 97.47 | 297.56 | 395.03 | OK | |
r-devel-linux-x86_64-debian-gcc | 3.2.0 | 68.26 | 197.31 | 265.57 | OK | |
r-devel-linux-x86_64-fedora-clang | 3.2.0 | 633.73 | OK | |||
r-devel-linux-x86_64-fedora-gcc | 3.2.0 | 602.24 | OK | |||
r-devel-windows-x86_64 | 3.2.0 | 102.00 | 146.00 | 248.00 | OK | --no-examples --no-tests --no-vignettes |
r-patched-linux-x86_64 | 3.2.0 | 97.82 | 260.95 | 358.77 | OK | |
r-release-linux-x86_64 | 3.2.0 | 95.45 | 259.16 | 354.61 | OK | |
r-release-macos-arm64 | 3.2.0 | 117.00 | OK | |||
r-release-macos-x86_64 | 3.2.0 | 259.00 | OK | |||
r-release-windows-x86_64 | 3.2.0 | 105.00 | 145.00 | 250.00 | OK | --no-examples --no-tests --no-vignettes |
r-oldrel-macos-arm64 | 3.2.0 | 131.00 | NOTE | |||
r-oldrel-macos-x86_64 | 3.2.0 | 227.00 | NOTE | |||
r-oldrel-windows-x86_64 | 3.2.0 | 128.00 | 148.00 | 276.00 | OK | --no-examples --no-tests --no-vignettes |
Version: 3.2.0
Check: installed package size
Result: NOTE
installed size is 8.7Mb
sub-directories of 1Mb or more:
libs 7.1Mb
Flavors: r-oldrel-macos-arm64, r-oldrel-macos-x86_64