CRAN Package Check Results for Package BlandAltmanLeh

Last updated on 2025-06-04 04:49:43 CEST.

Flavor Version Tinstall Tcheck Ttotal Status Flags
r-devel-linux-x86_64-debian-clang 0.3.1 1.76 22.39 24.15 NOTE
r-devel-linux-x86_64-debian-gcc 0.3.1 1.40 18.01 19.41 NOTE
r-devel-linux-x86_64-fedora-clang 0.3.1 39.78 OK
r-devel-linux-x86_64-fedora-gcc 0.3.1 61.12 OK
r-devel-windows-x86_64 0.3.1 4.00 41.00 45.00 OK
r-patched-linux-x86_64 0.3.1 1.79 21.29 23.08 OK
r-release-linux-x86_64 0.3.1 1.77 21.76 23.53 OK
r-release-macos-arm64 0.3.1 24.00 OK
r-release-macos-x86_64 0.3.1 45.00 OK
r-release-windows-x86_64 0.3.1 3.00 44.00 47.00 OK
r-oldrel-macos-arm64 0.3.1 27.00 OK
r-oldrel-macos-x86_64 0.3.1 34.00 OK
r-oldrel-windows-x86_64 0.3.1 3.00 51.00 54.00 OK

Check Details

Version: 0.3.1
Check: CRAN incoming feasibility
Result: NOTE Maintainer: ‘Bernhard Lehnert <[email protected]>’ No Authors@R field in DESCRIPTION. Please add one, modifying Authors@R: person(given = "Bernhard", family = "Lehnert", role = c("aut", "cre"), email = "[email protected]") as necessary. Found the following \keyword or \concept entries which likely give several index terms: File ‘BlandAltmanLeh-package.Rd’: \keyword{ measurement precision, test-retest relia [TRUNCATED] Flavors: r-devel-linux-x86_64-debian-clang, r-devel-linux-x86_64-debian-gcc