Last updated on 2025-06-04 04:49:42 CEST.
Flavor | Version | Tinstall | Tcheck | Ttotal | Status | Flags |
---|---|---|---|---|---|---|
r-devel-linux-x86_64-debian-clang | 1.1.6 | 180.70 | 133.79 | 314.49 | OK | |
r-devel-linux-x86_64-debian-gcc | 1.1.6 | 160.30 | 106.97 | 267.27 | OK | |
r-devel-linux-x86_64-fedora-clang | 1.1.6 | 465.07 | OK | |||
r-devel-linux-x86_64-fedora-gcc | 1.1.6 | 589.41 | OK | |||
r-devel-windows-x86_64 | 1.1.6 | 176.00 | 164.00 | 340.00 | OK | |
r-patched-linux-x86_64 | 1.1.6 | 199.77 | 141.55 | 341.32 | OK | |
r-release-linux-x86_64 | 1.1.6 | 197.08 | 141.19 | 338.27 | OK | |
r-release-macos-arm64 | 1.1.6 | 129.00 | OK | |||
r-release-macos-x86_64 | 1.1.6 | 265.00 | OK | |||
r-release-windows-x86_64 | 1.1.6 | 181.00 | 165.00 | 346.00 | OK | |
r-oldrel-macos-arm64 | 1.1.6 | 131.00 | NOTE | |||
r-oldrel-macos-x86_64 | 1.1.6 | 279.00 | NOTE | |||
r-oldrel-windows-x86_64 | 1.1.6 | 218.00 | 209.00 | 427.00 | OK |
Version: 1.1.6
Check: installed package size
Result: NOTE
installed size is 62.9Mb
sub-directories of 1Mb or more:
libs 62.3Mb
Flavors: r-oldrel-macos-arm64, r-oldrel-macos-x86_64
Version: 1.1.6
Check: for GNU extensions in Makefiles
Result: NOTE
GNU make is a SystemRequirements.
Flavors: r-oldrel-macos-arm64, r-oldrel-macos-x86_64