CRAN Package Check Results for Package BayesianPlatformDesignTimeTrend

Last updated on 2025-06-04 04:49:42 CEST.

Flavor Version Tinstall Tcheck Ttotal Status Flags
r-devel-linux-x86_64-debian-clang 1.2.3 265.56 195.78 461.34 OK
r-devel-linux-x86_64-debian-gcc 1.2.3 239.94 162.63 402.57 OK
r-devel-linux-x86_64-fedora-clang 1.2.3 799.64 OK
r-devel-linux-x86_64-fedora-gcc 1.2.3 978.25 OK
r-devel-windows-x86_64 1.2.3 333.00 244.00 577.00 OK
r-patched-linux-x86_64 1.2.3 291.10 219.26 510.36 OK
r-release-linux-x86_64 1.2.3 281.26 218.15 499.41 OK
r-release-macos-arm64 1.2.3 204.00 OK
r-release-macos-x86_64 1.2.3 266.00 OK
r-release-windows-x86_64 1.2.3 334.00 239.00 573.00 OK
r-oldrel-macos-arm64 1.2.3 115.00 NOTE
r-oldrel-macos-x86_64 1.2.3 145.00 NOTE
r-oldrel-windows-x86_64 1.2.3 371.00 305.00 676.00 NOTE

Check Details

Version: 1.2.3
Check: installed package size
Result: NOTE installed size is 87.7Mb sub-directories of 1Mb or more: data 1.3Mb help 1.8Mb libs 83.5Mb Flavors: r-oldrel-macos-arm64, r-oldrel-macos-x86_64, r-oldrel-windows-x86_64

Version: 1.2.3
Check: for GNU extensions in Makefiles
Result: NOTE GNU make is a SystemRequirements. Flavors: r-oldrel-macos-arm64, r-oldrel-macos-x86_64, r-oldrel-windows-x86_64