Last updated on 2025-06-04 04:49:42 CEST.
Flavor | Version | Tinstall | Tcheck | Ttotal | Status | Flags |
---|---|---|---|---|---|---|
r-devel-linux-x86_64-debian-clang | 2.3-0 | 156.37 | 91.79 | 248.16 | OK | |
r-devel-linux-x86_64-debian-gcc | 2.3-0 | 112.99 | 67.84 | 180.83 | OK | |
r-devel-linux-x86_64-fedora-clang | 2.3-0 | 421.14 | OK | |||
r-devel-linux-x86_64-fedora-gcc | 2.3-0 | 445.14 | OK | |||
r-devel-windows-x86_64 | 2.3-0 | 165.00 | 125.00 | 290.00 | OK | |
r-patched-linux-x86_64 | 2.3-0 | 159.58 | 84.51 | 244.09 | OK | |
r-release-linux-x86_64 | 2.3-0 | 165.97 | 83.32 | 249.29 | OK | |
r-release-macos-arm64 | 2.3-0 | 107.00 | OK | |||
r-release-macos-x86_64 | 2.3-0 | 167.00 | OK | |||
r-release-windows-x86_64 | 2.3-0 | 166.00 | 124.00 | 290.00 | OK | |
r-oldrel-macos-arm64 | 2.3-0 | 107.00 | NOTE | |||
r-oldrel-macos-x86_64 | 2.3-0 | 160.00 | NOTE | |||
r-oldrel-windows-x86_64 | 2.3-0 | 199.00 | 160.00 | 359.00 | NOTE |
Version: 2.3-0
Check: installed package size
Result: NOTE
installed size is 18.6Mb
sub-directories of 1Mb or more:
data 1.5Mb
doc 1.5Mb
libs 14.7Mb
Flavors: r-oldrel-macos-arm64, r-oldrel-macos-x86_64, r-oldrel-windows-x86_64