CRAN Package Check Results for Package BayesPPD

Last updated on 2025-06-04 04:49:42 CEST.

Flavor Version Tinstall Tcheck Ttotal Status Flags
r-devel-linux-x86_64-debian-clang 1.1.3 84.32 196.02 280.34 OK
r-devel-linux-x86_64-debian-gcc 1.1.3 68.41 138.53 206.94 OK
r-devel-linux-x86_64-fedora-clang 1.1.3 525.83 OK
r-devel-linux-x86_64-fedora-gcc 1.1.3 581.71 OK
r-devel-windows-x86_64 1.1.3 92.00 504.00 596.00 OK
r-patched-linux-x86_64 1.1.3 93.55 195.79 289.34 OK
r-release-linux-x86_64 1.1.3 99.89 192.47 292.36 OK
r-release-macos-arm64 1.1.3 165.00 OK
r-release-macos-x86_64 1.1.3 267.00 OK
r-release-windows-x86_64 1.1.3 95.00 514.00 609.00 OK
r-oldrel-macos-arm64 1.1.3 136.00 NOTE
r-oldrel-macos-x86_64 1.1.3 287.00 NOTE
r-oldrel-windows-x86_64 1.1.3 115.00 555.00 670.00 OK

Check Details

Version: 1.1.3
Check: installed package size
Result: NOTE installed size is 13.3Mb sub-directories of 1Mb or more: libs 12.9Mb Flavors: r-oldrel-macos-arm64, r-oldrel-macos-x86_64