CRAN Package Check Results for Package BayesGmed

Last updated on 2025-06-04 04:49:42 CEST.

Flavor Version Tinstall Tcheck Ttotal Status Flags
r-devel-linux-x86_64-debian-clang 0.0.3 841.21 187.95 1029.16 OK
r-devel-linux-x86_64-debian-gcc 0.0.3 790.36 194.93 985.29 OK
r-devel-linux-x86_64-fedora-clang 0.0.3 1635.39 NOTE
r-devel-linux-x86_64-fedora-gcc 0.0.3 2244.17 NOTE
r-devel-windows-x86_64 0.0.3 943.00 290.00 1233.00 OK
r-patched-linux-x86_64 0.0.3 1031.88 269.21 1301.09 OK
r-release-linux-x86_64 0.0.3 1025.91 264.27 1290.18 OK
r-release-macos-arm64 0.0.3 465.00 OK
r-release-macos-x86_64 0.0.3 613.00 OK
r-release-windows-x86_64 0.0.3 923.00 287.00 1210.00 OK
r-oldrel-macos-arm64 0.0.3 244.00 NOTE
r-oldrel-macos-x86_64 0.0.3 224.00 NOTE
r-oldrel-windows-x86_64 0.0.3 1079.00 361.00 1440.00 NOTE

Check Details

Version: 0.0.3
Check: dependencies in R code
Result: NOTE Namespaces in Imports field not imported from: ‘RcppParallel’ ‘rstantools’ All declared Imports should be used. Flavors: r-devel-linux-x86_64-fedora-clang, r-devel-linux-x86_64-fedora-gcc

Version: 0.0.3
Check: installed package size
Result: NOTE installed size is 123.0Mb sub-directories of 1Mb or more: libs 122.5Mb Flavors: r-oldrel-macos-arm64, r-oldrel-macos-x86_64, r-oldrel-windows-x86_64

Version: 0.0.3
Check: for GNU extensions in Makefiles
Result: NOTE GNU make is a SystemRequirements. Flavors: r-oldrel-macos-arm64, r-oldrel-macos-x86_64, r-oldrel-windows-x86_64