CRAN Package Check Results for Package BayesGOF

Last updated on 2025-06-04 04:49:42 CEST.

Flavor Version Tinstall Tcheck Ttotal Status Flags
r-devel-linux-x86_64-debian-clang 5.2 7.47 392.32 399.79 NOTE
r-devel-linux-x86_64-debian-gcc 5.2 5.34 217.66 223.00 NOTE
r-devel-linux-x86_64-fedora-clang 5.2 652.29 NOTE
r-devel-linux-x86_64-fedora-gcc 5.2 754.20 NOTE
r-devel-windows-x86_64 5.2 8.00 374.00 382.00 NOTE
r-patched-linux-x86_64 5.2 7.22 371.12 378.34 NOTE
r-release-linux-x86_64 5.2 7.22 365.65 372.87 NOTE
r-release-macos-arm64 5.2 395.00 NOTE
r-release-macos-x86_64 5.2 877.00 NOTE
r-release-windows-x86_64 5.2 8.00 376.00 384.00 NOTE
r-oldrel-macos-arm64 5.2 284.00 NOTE
r-oldrel-macos-x86_64 5.2 414.00 NOTE
r-oldrel-windows-x86_64 5.2 10.00 533.00 543.00 NOTE

Check Details

Version: 5.2
Check: CRAN incoming feasibility
Result: NOTE Maintainer: ‘Doug Fletcher <[email protected]>’ No Authors@R field in DESCRIPTION. Please add one, modifying Authors@R: c(person(given = "Subhadeep", family = "Mukhopadhyay", role = "aut"), person(given = "Douglas", family = "Fletcher", role = "aut"), person(given = "Doug", family = "Fletcher", role = "cre", email = "[email protected]")) as necessary. Flavors: r-devel-linux-x86_64-debian-clang, r-devel-linux-x86_64-debian-gcc

Version: 5.2
Check: Rd files
Result: NOTE checkRd: (-1) gMLE.bb.Rd:18: Lost braces 18 | \item{optim.method}{optimization method in \code{optim()}{stats}.} | ^ Flavors: r-devel-linux-x86_64-debian-clang, r-devel-linux-x86_64-debian-gcc, r-devel-linux-x86_64-fedora-clang, r-devel-linux-x86_64-fedora-gcc, r-devel-windows-x86_64, r-patched-linux-x86_64, r-release-linux-x86_64, r-release-macos-arm64, r-release-macos-x86_64, r-release-windows-x86_64, r-oldrel-macos-arm64, r-oldrel-macos-x86_64, r-oldrel-windows-x86_64