Last updated on 2025-06-04 04:49:43 CEST.
Flavor | Version | Tinstall | Tcheck | Ttotal | Status | Flags |
---|---|---|---|---|---|---|
r-devel-linux-x86_64-debian-clang | 1.0.5 | 34.13 | 139.41 | 173.54 | NOTE | |
r-devel-linux-x86_64-debian-gcc | 1.0.5 | 25.80 | 96.55 | 122.35 | NOTE | |
r-devel-linux-x86_64-fedora-clang | 1.0.5 | 280.15 | NOTE | |||
r-devel-linux-x86_64-fedora-gcc | 1.0.5 | 278.81 | NOTE | |||
r-devel-windows-x86_64 | 1.0.5 | 42.00 | 163.00 | 205.00 | NOTE | |
r-patched-linux-x86_64 | 1.0.5 | 34.32 | 132.12 | 166.44 | NOTE | |
r-release-linux-x86_64 | 1.0.5 | 34.00 | 131.45 | 165.45 | NOTE | |
r-release-macos-arm64 | 1.0.5 | 101.00 | NOTE | |||
r-release-macos-x86_64 | 1.0.5 | 162.00 | NOTE | |||
r-release-windows-x86_64 | 1.0.5 | 41.00 | 149.00 | 190.00 | NOTE | |
r-oldrel-macos-arm64 | 1.0.5 | 87.00 | NOTE | |||
r-oldrel-macos-x86_64 | 1.0.5 | 137.00 | NOTE | |||
r-oldrel-windows-x86_64 | 1.0.5 | 50.00 | 195.00 | 245.00 | NOTE |
Version: 1.0.5
Check: C++ specification
Result: NOTE
Specified C++11: please drop specification unless essential
Flavors: r-devel-linux-x86_64-debian-clang, r-devel-linux-x86_64-debian-gcc, r-devel-linux-x86_64-fedora-clang, r-devel-linux-x86_64-fedora-gcc, r-devel-windows-x86_64, r-patched-linux-x86_64, r-release-linux-x86_64, r-release-macos-arm64, r-release-macos-x86_64, r-release-windows-x86_64, r-oldrel-macos-arm64, r-oldrel-macos-x86_64, r-oldrel-windows-x86_64
Version: 1.0.5
Check: for GNU extensions in Makefiles
Result: NOTE
GNU make is a SystemRequirements.
Flavors: r-oldrel-macos-arm64, r-oldrel-macos-x86_64, r-oldrel-windows-x86_64